{"id":66,"date":"2017-01-12T16:57:41","date_gmt":"2017-01-12T15:57:41","guid":{"rendered":"http:\/\/alpine-restaurierung.de\/blog\/?page_id=66"},"modified":"2017-01-13T13:48:27","modified_gmt":"2017-01-13T12:48:27","slug":"kupplung","status":"publish","type":"page","link":"http:\/\/alpine-restaurierung.de\/blog\/ersatzteile\/kupplung\/","title":{"rendered":"Kupplung"},"content":{"rendered":"<ol>\n<li>Kupplungssatz f\u00fcr A310 + D500, <strong>238,00<\/strong> EUR dto. verst\u00e4rkt mit 700 Nm Anpressdruck f\u00fcr A310, D500 und D501, <strong>299,00<\/strong> EUR Mitnehmerscheibe 3-Loch (grobe Verzahnung) oder 4-Loch (feine Verzahnung) je <strong>95,20<\/strong> EUR<\/li>\n<li>Kupplungsnehmerzylinder Preis <strong>95,20<\/strong> EUR<\/li>\n<\/ol>\n<div class=\"gmedia_gallery phantom_module is_bot\" id=\"GmediaGallery_5\" data-gmid=\"5\" data-module=\"phantom\"><style type='text\/css' class='gmedia_module_style_import'>@import url('http:\/\/alpine-restaurierung.de\/blog\/wp-content\/plugins\/grand-media\/module\/phantom\/css\/style.css?v=3.23') all;\/**** .phantom_module #GmediaGallery_5 ****\/\n#GmediaGallery_5 .gmPhantom_ThumbContainer,\n#GmediaGallery_5 .gmPhantom_LoadMore {width:250px; height:200px;}\n#GmediaGallery_5 .gmPhantom_MobileView .gmPhantom_ThumbContainer,\n#GmediaGallery_5 .gmPhantom_MobileView .gmPhantom_LoadMore {width:150px; height:135px;}\n#GmediaGallery_5 .gmPhantom_LoadMore .gmPhantom_pager {font-size:100px;line-height:200px;}\n#GmediaGallery_5 .gmPhantom_MobileView .gmPhantom_LoadMore .gmPhantom_pager {font-size:67.5px;line-height:135px;}\n#GmediaGallery_5 .gmPhantom_LoadMore[data-col=\"1\"] {width:auto;height:50px;}\n#GmediaGallery_5 .gmPhantom_LoadMore[data-col=\"1\"] .gmPhantom_pager,\n#GmediaGallery_5 .gmPhantom_MobileView .gmPhantom_LoadMore[data-col=\"1\"] .gmPhantom_pager {font-size:40px;line-height:50px;}\n#GmediaGallery_5 .gmPhantom_ThumbContainer .gmPhantom_Thumb {opacity:1;}\n#GmediaGallery_5 .gmPhantom_ThumbLabel a {color:#3695e7;}<\/style>    <div class=\"gmPhantom_Container noLightbox\" >\n                <div class=\"gmPhantom_thumbsWrapper gmPhantom_ThumbScale gmPhantom_LabelInside\">\n                        <div class=\"gmPhantom_ThumbContainer gmPhantom_ThumbLoader\" data-id=\"11\" data-post_id=\"133\" data-ratio=\"1.5\" data-type=\"image\" data-ext=\"jpg\" data-views=\"322\" data-likes=\"0\" data-cc=\"0\" data-post_link=\"http:\/\/alpine-restaurierung.de\/blog\/gmedia\/kupplungssatz_f_r_a310-_d500-jpg\/\">\n                <a href=\"http:\/\/alpine-restaurierung.de\/blog\/wp-content\/grand-media\/image\/Kupplungssatz_f_r_A310-_D500.jpg\" class=\"gmPhantom_Thumb\"><img class=\"noLazy\" src=\"http:\/\/alpine-restaurierung.de\/blog\/wp-content\/grand-media\/image\/thumb\/Kupplungssatz_f_r_A310-_D500.jpg\" data-src=\"http:\/\/alpine-restaurierung.de\/blog\/wp-content\/grand-media\/image\/Kupplungssatz_f_r_A310-_D500.jpg\" alt=\"Kupplungssatz F\u00fcr A310- D500\"\/><\/a>\n                                    <div class=\"gmPhantom_ThumbLabel\"><span class=\"gmPhantom_ThumbLabel_title\">Kupplungssatz F\u00fcr A310- D500<\/span><\/div>\n                                    <div style=\"display:none;\" class=\"gmPhantom_Details\">\n                                            <div class=\"gmPhantom_description\">\n                            <div class=\"gmPhantom_title\">Kupplungssatz F\u00fcr A310- D500<\/div>\n                            <div class=\"gmPhantom_text\"><p>Kupplungssatz f\u00fcr A310 + D500, 238,00 EUR<br \/>dto. verst\u00e4rkt mit 700 Nm Anpressdruck f\u00fcr A310, D500 und D501, 299,00 EUR<br \/>Mitnehmerscheibe 3-Loch (grobe Verzahnung) oder 4-Loch (feine Verzahnung) je 95,20 EUR<\/p><\/div>\n                        <\/div>\n                                                            <div class=\"gmPhantom_terms\">\n                                                    <div class=\"gmPhantom_tags_container\"><a href=\"\/blog\/wp-json\/wp\/v2\/pages\/66?gm5[tag__in]=29\" class=\"gmPhantom_tag\">#Kupplungssatz f\u00fcr A310 + D500<\/a><\/div>\n                                                    <div class=\"gmPhantom_other_terms\">\n                                <table class=\"gmPhantom_other_terms_table\">\n                                                                            <tr class=\"gmPhantom_term_row_category\">\n                                            <td class=\"gmPhantom_term_key\">Category<\/td>\n                                            <td class=\"gmPhantom_term_value\"><a href=\"\/blog\/wp-json\/wp\/v2\/pages\/66?gm5[category__in]=5\" class=\"gmPhantom_cat\">Kupplung<\/a><\/td>\n                                        <\/tr>\n                                                                    <\/table>\n                            <\/div>\n                                                <\/div>\n                <\/div>\n                <\/div>            <div class=\"gmPhantom_ThumbContainer gmPhantom_ThumbLoader\" data-id=\"10\" data-post_id=\"132\" data-ratio=\"1.5\" data-type=\"image\" data-ext=\"jpg\" data-views=\"293\" data-likes=\"0\" data-cc=\"0\" data-post_link=\"http:\/\/alpine-restaurierung.de\/blog\/gmedia\/kupplungsnehmerzylinder-jpg\/\">\n                <a href=\"http:\/\/alpine-restaurierung.de\/blog\/wp-content\/grand-media\/image\/Kupplungsnehmerzylinder.jpg\" class=\"gmPhantom_Thumb\"><img class=\"noLazy\" src=\"http:\/\/alpine-restaurierung.de\/blog\/wp-content\/grand-media\/image\/thumb\/Kupplungsnehmerzylinder.jpg\" data-src=\"http:\/\/alpine-restaurierung.de\/blog\/wp-content\/grand-media\/image\/Kupplungsnehmerzylinder.jpg\" alt=\"Kupplungsnehmerzylinder Preis 95,20 EUR \"\/><\/a>\n                                    <div class=\"gmPhantom_ThumbLabel\"><span class=\"gmPhantom_ThumbLabel_title\">Kupplungsnehmerzylinder<\/span><\/div>\n                                    <div style=\"display:none;\" class=\"gmPhantom_Details\">\n                                            <div class=\"gmPhantom_description\">\n                            <div class=\"gmPhantom_title\">Kupplungsnehmerzylinder<\/div>\n                            <div class=\"gmPhantom_text\"><p>Kupplungsnehmerzylinder<br \/>Preis 95,20 EUR <\/p><\/div>\n                        <\/div>\n                                                            <div class=\"gmPhantom_terms\">\n                                                    <div class=\"gmPhantom_tags_container\"><a href=\"\/blog\/wp-json\/wp\/v2\/pages\/66?gm5[tag__in]=35\" class=\"gmPhantom_tag\">#Kupplungsnehmerzylinder<\/a><\/div>\n                                                    <div class=\"gmPhantom_other_terms\">\n                                <table class=\"gmPhantom_other_terms_table\">\n                                                                            <tr class=\"gmPhantom_term_row_category\">\n                                            <td class=\"gmPhantom_term_key\">Category<\/td>\n                                            <td class=\"gmPhantom_term_value\"><a href=\"\/blog\/wp-json\/wp\/v2\/pages\/66?gm5[category__in]=5\" class=\"gmPhantom_cat\">Kupplung<\/a><\/td>\n                                        <\/tr>\n                                                                    <\/table>\n                            <\/div>\n                                                <\/div>\n                <\/div>\n                <\/div>        <\/div>\n    <\/div>\n<\/div>\n","protected":false},"excerpt":{"rendered":"<p>Kupplungssatz f\u00fcr A310 + D500, 238,00 EUR dto. verst\u00e4rkt mit 700 Nm Anpressdruck f\u00fcr A310, D500 und D501, 299,00 EUR Mitnehmerscheibe 3-Loch (grobe Verzahnung) oder 4-Loch (feine Verzahnung) je 95,20 EUR Kupplungsnehmerzylinder Preis 95,20 EUR<\/p>\n","protected":false},"author":1,"featured_media":0,"parent":32,"menu_order":2,"comment_status":"closed","ping_status":"closed","template":"","meta":[],"_links":{"self":[{"href":"http:\/\/alpine-restaurierung.de\/blog\/wp-json\/wp\/v2\/pages\/66"}],"collection":[{"href":"http:\/\/alpine-restaurierung.de\/blog\/wp-json\/wp\/v2\/pages"}],"about":[{"href":"http:\/\/alpine-restaurierung.de\/blog\/wp-json\/wp\/v2\/types\/page"}],"author":[{"embeddable":true,"href":"http:\/\/alpine-restaurierung.de\/blog\/wp-json\/wp\/v2\/users\/1"}],"replies":[{"embeddable":true,"href":"http:\/\/alpine-restaurierung.de\/blog\/wp-json\/wp\/v2\/comments?post=66"}],"version-history":[{"count":4,"href":"http:\/\/alpine-restaurierung.de\/blog\/wp-json\/wp\/v2\/pages\/66\/revisions"}],"predecessor-version":[{"id":136,"href":"http:\/\/alpine-restaurierung.de\/blog\/wp-json\/wp\/v2\/pages\/66\/revisions\/136"}],"up":[{"embeddable":true,"href":"http:\/\/alpine-restaurierung.de\/blog\/wp-json\/wp\/v2\/pages\/32"}],"wp:attachment":[{"href":"http:\/\/alpine-restaurierung.de\/blog\/wp-json\/wp\/v2\/media?parent=66"}],"curies":[{"name":"wp","href":"https:\/\/api.w.org\/{rel}","templated":true}]}}